y 409.
395
Calculate the remainder when 249241685 is divided by 31155209.
13
What is the remainder when 41429 is divided by 8059?
1134
What is the remainder when 12823580 is divided by 133?
119
Calculate the remainder when 32386 is divided by 1772.
490
What is the remainder when 86697 is divided by 16849?
2452
Calculate the remainder when 3725169 is divided by 1862578.
13
What is the remainder when 507234 is divided by 1546?
146
Calculate the remainder when 9216745 is divided by 9.
7
What is the remainder when 500591 is divided by 136?
111
What is the remainder when 846555 is divided by 5322?
357
What is the remainder when 7439609 is divided by 166?
153
What is the remainder when 1249680 is divided by 35?
5
Calculate the remainder when 9018265 is divided by 819837.
58
What is the remainder when 8703 is divided by 5828?
2875
What is the remainder when 64715 is divided by 5357?
431
What is the remainder when 1211113 is divided by 307?
305
What is the remainder when 225979898 is divided by 66?
56
What is the remainder when 29435 is divided by 9722?
269
What is the remainder when 18179381 is divided by 135?
11
Calculate the remainder when 16010 is divided by 14891.
1119
Calculate the remainder when 2682284 is divided by 3069.
3047
Calculate the remainder when 16425453 is divided by 22.
11
Calculate the remainder when 1273756 is divided by 1625.
1381
What is the remainder when 1155193 is divided by 5832?
457
What is the remainder when 1216712 is divided by 142?
56
What is the remainder when 8561835 is divided by 778347?
18
Calculate the remainder when 66248 is divided by 66161.
87
Calculate the remainder when 3009600 is divided by 3706.
328
What is the remainder when 97171249 is divided by 4202?
4201
What is the remainder when 200022073 is divided by 26?
17
Calculate the remainder when 2511585 is divided by 9302.
45
Calculate the remainder when 1626767 is divided by 1625451.
1316
Calculate the remainder when 209218 is divided by 90.
58
What is the remainder when 30419149 is divided by 38?
35
What is the remainder when 4816941 is divided by 61?
15
Calculate the remainder when 133019 is divided by 43258.
3245
What is the remainder when 2821445 is divided by 52246?
161
What is the remainder when 1349749 is divided by 469?
436
What is the remainder when 28272 is divided by 4700?
72
What is the remainder when 493 is divided by 99?
97
What is the remainder when 177558748 is divided by 47?
33
What is the remainder when 739545 is divided by 105388?
1829
What is the remainder when 5978701 is divided by 140?
1
What is the remainder when 1230931 is divided by 1372?
247
What is the remainder when 25062 is divided by 24924?
138
What is the remainder when 11564776 is divided by 64?
40
What is the remainder when 10039140 is divided by 727?
724
What is the remainder when 47243 is divided by 89?
73
Calculate the remainder when 10704 is divided by 3564.
12
What is the remainder when 268661 is divided by 368?
21
Calculate the remainder when 97931 is divided by 155.
126
Calculate the remainder when 9010922 is divided by 1287215.
417
What is the remainder when 619499 is divided by 952?
699
Calculate the remainder when 6011485 is divided by 1053.
961
Calculate the remainder when 337610232 is divided by 322.
316
What is the remainder when 1013973806 is divided by 872?
870
Calculate the remainder when 17334 is divided by 15774.
1560
What is the remainder when 467255 is divided by 4581?
4574
What is the remainder when 291600 is divided by 6204?
12
What is the remainder when 237564316 is divided by 7520?
7516
Calculate the remainder when 270702430 is divided by 32.
30
Calculate the remainder when 8501304 is divided by 340052.
4
What is the remainder when 3462 is divided by 2228?
1234
Calculate the remainder when 259731 is divided by 51943.
16
What is the remainder when 239165514 is divided by 1813?
1806
Calculate the remainder when 153290260 is divided by 2111.
2106
Calculate the remainder when 44643455 is divided by 151.
3
Calculate the remainder when 6236401 is divided by 1200.
1
Calculate the remainder when 4813269 is divided by 604.
597
What is the remainder when 391336 is divided by 2465?
1866
Calculate the remainder when 2703998 is divided by 10440.
38
Calculate the remainder when 2150453 is divided by 265.
243
What is the remainder when 387439 is divided by 274?
3
Calculate the remainder when 87943 is divided by 43595.
753
What is the remainder when 769542 is divided by 73?
49
Calculate the remainder when 6862340 is divided by 894.
890
What is the remainder when 8099898 is divided by 8099896?
2
What is the remainder when 990295380 is divided by 123?
117
Calculate the remainder when 44151146 is divided by 313.
305
Calculate the remainder when 1193887 is divided by 61.
56
What is the remainder when 41621 is divided by 1712?
533
What is the remainder when 16147395 is divided by 82807?
30
What is the remainder when 41602684 is divided by 632?
20
What is the remainder when 7506080 is divided by 62?
50
Calculate the remainder when 882158 is divided by 2291.
123
What is the remainder when 6334288 is divided by 2016?
16
Calculate the remainder when 1436378 is divided by 65288.
42
Calculate the remainder when 4167370 is divided by 83.
23
Calculate the remainder when 292444 is divided by 138.
22
What is the remainder when 207337502 is divided by 1940?
2
Calculate the remainder when 495267980 is divided by 139.
138
What is the remainder when 207431 is divided by 68422?
2165
What is the remainder when 1487028 is divided by 1557?
93
Calculate the remainder when 7290854 is divided by 353.
345
Calculate the remainder when 178276 is divided by 316.
52
What is the remainder when 79335209 is divided by 36?
29
Calculate the remainder when 17623065 is divided by 1138.
1135
What is the remainder when 7536 is divided by 106?
10
What is the remainder when 1788465 is divided by 1840?
1825
Calculate the remainder when 10027283 is divided by 35.
28
Calculate the remainder when 762004 is divided by 2899.
2466
Calculate the remainder when 2766324 is divided by 5555.
5489
What is the remainder when 10840745 is divided by 2134?
25
Calculate the remainder when 184629884 is divided by 192.
188
What is the remainder when 1265015 is divided by 421663?
26
What is the remainder when 74071 is divided by 14801?
66
Calculate the remainder when 1267858 is divided by 13.
7
Calculate the remainder when 373279250 is divided by 51.
50
What is the remainder when 5677557 is divided by 60?
57
Calculate the remainder when 48719034 is divided by 4560.
4554
What is the remainder when 618496 is divided by 953?
952
Calculate the remainder when 21760 is divided by 330.
310
Calculate the remainder when 3178852 is divided by 1059587.
91
What is the remainder when 104513 is divided by 911?
659
Calculate the remainder when 172074 is divided by 9052.
86
What is the remainder when 78399998 is divided by 8711110?
8
Calculate the remainder when 2535446 is divided by 231.
221
Calculate the remainder when 312743 is divided by 30669.
6053
Calculate the remainder when 233188 is divided by 1260.
88
Calculate the remainder when 64624 is divided by 30457.
3710
Calculate the remainder when 582358 is divided by 690.
688
Calculate the remainder when 25036737 is divided by 87236.
5
Calculate the remainder when 1893587 is divided by 16.
3
Calculate the remainder when 3463478 is divided by 494.
44
What is the remainder when 10178021 is divided by 677?
3
Calculate the remainder when 11250772 is divided by 1206.
1204
What is the remainder when 285787454 is divided by 57?
56
Calculate the remainder when 18556317 is divided by 3462.
3459
What is the remainder when 4568881 is divided by 760?
521
What is the remainder when 40072 is divided by 356?
200
What is the remainder when 23852993 is divided by 1703781?
59
Calculate the remainder when 1229953 is divided by 33238.
147
Calculate the remainder when 162593055 is divided by 24.
15
Calculate the remainder when 78777988 is divided by 38.
36
Calculate the remainder when 7457965 is divided by 64.
45
Calculate the remainder when 3180991 is divided by 79.
56
Calculate the remainder when 821012674 is divided by 132.
130
Calculate the remainder when 112162 is divided by 2498.
2250
What is the rema